 95. Let s = i - -119. What are the prime factors of s?
2, 11
What are the prime factors of (476 - 479)*(-186)/((-474)/478 + 1)?
3, 31, 239
Let j be -36 + -2 - (-2)/(2*-1). Let i = 25 - j. Suppose -152 = -3*g - 2*m, 3*g + i = 4*g + 4*m. List the prime factors of g.
2, 3
Suppose -2385552 = -27*z - 25*z. List the prime factors of z.
2, 3, 3823
Let h(y) = -4*y + 7*y**2 - y**2 - 6268 + 6263. List the prime factors of h(-6).
5, 47
Let u(t) = -4 + 9 + 9*t + 0. Let w(z) = 6*z**3 - 2*z + 1. Let v be w(1). List the prime factors of u(v).
2, 5
Let q = -313 - -338. List the prime factors of 28745/q - (-36)/(-45).
3, 383
Suppose -5*p - 35182 = -3*v, v = -3*p + 327 + 11377. Suppose -12*b + v = -4493. List the prime factors of b.
7, 193
Suppose -34 + 4 = -2*x. Suppose 0 = 7*n - 2*n. Suppose 12*z - x*z + 222 = n. List the prime factors of z.
2, 37
Let a(j) = 7*j**3 - 34*j**2 + 2*j - 57. Let l(b) = 6*b**3 - 35*b**2 + b - 57. Let t(m) = 5*a(m) - 6*l(m). What are the prime factors of t(40)?
7, 31
Let f(m) = 75*m + 72*m - 116 - 8*m**2 + 4*m**3 - 122*m. What are the prime factors of f(6)?
2, 5, 61
Let b = 6 - 2. Suppose 10 = -b*p + 5*p + 3*z, -5*p + 17 = 4*z. Suppose -q + 62 = p. List the prime factors of q.
61
Let a(f) = 621*f**2 - f + 1. Let u be a(1). Let i = -274 + u. List the prime factors of i.
347
Let y(v) = 20*v**3 + 4*v**2 + 5*v - 9. Let w be y(4). Suppose -14*n = -9*n - w. List the prime factors of n.
271
List the prime factors of (50/30)/((-35)/(-27594)).
2, 3, 73
Let s(z) = 539*z + 4. List the prime factors of s(31).
3, 619
Let s(n) be the second derivative of 35/6*n**3 + 0 - 3/2*n**2 - 17*n. List the prime factors of s(2).
67
Suppose -4*q + 37*l = 35*l - 20, 0 = 3*q - 3*l - 21. Let x = 67 - -74. Suppose 0 = -q*m + 63 + x. List the prime factors of m.
2, 17
Let q(s) = 3*s**2 - 9*s + 2. Let w be q(3). Let t be (0 - -5 - w) + -4 + -1. List the prime factors of 51/(t/(-4)*3).
2, 17
Let y = -30 - -34. Suppose -g - y = -3*g. Suppose -6*v = -11*v - 2*r + 600, -g*v - 2*r = -234. List the prime factors of v.
2, 61
Suppose 11*f - 3976 = 5660. Suppose 6*k = f - 30. What are the prime factors of k?
3, 47
List the prime factors of 3/(3/(-7)*(-7)/21313).
21313
What are the prime factors of 1/(2*(-1)/(-8)) + 6600?
2, 13, 127
Let v = -234 - -238. Suppose 0 = v*l + 45 - 65. List the prime factors of l.
5
Let m = 572 + -570. Let l = 0 - -3. Suppose 41 = m*v - 3*n, 2*v - v - 25 = l*n. What are the prime factors of v?
2
Suppose 0 = 3*k + r - 11956, -9*k + 5*k + r + 15932 = 0. List the prime factors of k.
2, 3, 83
Suppose 3*g + 12146 + 12425 = s, 0 = 3*g - 21. What are the prime factors of s?
2, 29, 53
Let u(s) = -76*s - 105. Let j be u(-4). Suppose -12*q + 2599 - j = 0. What are the prime factors of q?
2, 5
What are the prime factors of 275101/95 - 24/30?
3, 5, 193
Let w(j) = -47*j + 69. Let k be w(-2). Let b = k - -113. What are the prime factors of b?
2, 3, 23
Suppose 5*d + 30 = 2*s, 3*s - 2*d + 3*d - 45 = 0. List the prime factors of (-10)/(-15) - (-3290)/s.
2, 5, 11
Let u = -582 - -636. What are the prime factors of (-4)/(-18) - 1*(-1986)/u?
37
What are the prime factors of (2637 + -19)*288/21?
2, 3, 11, 17
Let q be (-256)/(-14) + 2/(-7). Let s be ((-2)/(-1) - 0)*4167/q. Suppose -4*a + 688 = 2*i, -2*a + s = -i + 127. List the prime factors of a.
2, 5, 17
Suppose 0 = -76*u + 77580 + 55344. What are the prime factors of u?
3, 11, 53
Suppose -3*w + 18 = -3*k, -k = -3*w - 2 + 12. Suppose -4*g - 28 = -w*g. What are the prime factors of ((-287)/g)/((-2)/(-4)*1)?
41
Let i(f) = 8*f + 75. Let y be i(-23). Let p = y - -278. What are the prime factors of p?
13
Let w(j) = j**2 + 16*j + 8. Let t be w(-12). Let c = t - -44. Suppose -4*o = 2*r - 6*r + 380, -o - 365 = -c*r. What are the prime factors of r?
2, 3, 5
What are the prime factors of 33/((-9)/10692*-9)?
2, 3, 11
Let k(x) = -x**3 - 4*x**2 + 12*x + 5. Let u be k(-6). Suppose 0 = 2*t + c - 9 - 52, -u*t + 5*c = -175. Suppose -t - 27 = -d. What are the prime factors of d?
59
Suppose -49*i = -56*i - 28. List the prime factors of (-6330)/(-6) + (2 - i).
1061
Suppose -415 = 11*o - 1097. Suppose 0 = o*y - 68*y + 1134. List the prime factors of y.
3, 7
Let b = -932 - -8317. What are the prime factors of b?
5, 7, 211
Let f(w) = -w**2 + w + 1. Let i(b) = 7*b**2 + 54*b + 45. Let v(h) = 3*f(h) + i(h). List the prime factors of v(-22).
2, 5, 73
Suppose 2*c = 3*m - 0*c + 463, 4*m + 616 = 3*c. Let r(z) = -z**3 + 2*z**2 - 23*z - 90. Let n be r(0). Let h = n - m. What are the prime factors of h?
67
Let o = -48470 - -102968. List the prime factors of o.
2, 3, 31, 293
Let z(q) = 52*q**2 + 11*q + 19. Let o be (1 - 0)/(12/(-24)). List the prime factors of z(o).
5, 41
Let c(s) = 7*s - 5*s**3 + 9*s**2 + 6*s**3 + 0*s**3 - 3 + 0*s**3. Let m be c(-8). Suppose m*f - f = 288. What are the prime factors of f?
2, 3
Suppose 3*i + 4 - 10 = -2*f, 0 = -i + 3*f - 9. Suppose 11*b + 75 - 1087 = i. Suppose 0 = 31*s - 32*s + b. What are the prime factors of s?
2, 23
Let d be 16/(-168) - (-325)/105. Let c(t) = 95*t**2 - 10*t + 34. List the prime factors of c(d).
859
Let r = -9845 + 26276. What are the prime factors of r?
3, 5477
Let n be -43 - 4/(4/3). Let w = 53 + n. What are the prime factors of 20 - (w/21)/(2/12)?
2, 3
Suppose 0 = 3*o - 5*a - 51006, 47*o - 42*o + a - 85038 = 0. What are the prime factors of o?
3, 5669
Suppose -3*y = 3*i - 9933, -5*y + 3015 - 12948 = -3*i. What are the prime factors of i?
7, 11, 43
Let d(j) = 16036*j + 1515. List the prime factors of d(4).
11, 47, 127
Suppose -13*w + 20*w - 35 = 0. Suppose -5*p = i - 340, -5*i = w*p - 3*p - 1815. What are the prime factors of i?
5, 73
Let c(m) = 9*m**2 + 5*m + 1. Let x = -38 - -41. Suppose 3 = 3*d + x*v + 15, -3*v - 3 = 0. List the prime factors of c(d).
67
Suppose 4*v = 4*o + 564, v - 2*o - 104 - 37 = 0. Suppose 369 = -125*c - 3256. Let t = c + v. List the prime factors of t.
2, 7
Suppose -3*i = r + 17, 2*r + 23 = -3*i - 2*r. Let g be 20/(-50) + (-2002)/i. Suppose -3*k + 13*k = g. What are the prime factors of k?
2, 5
What are the prime factors of -2*(164086/(-52))/(3*2/6)?
6311
Let h(y) = -y**2 + 13*y - 6. Let r be h(13). Let c = 56 + r. What are the prime factors of c?
2, 5
Suppose -5*p + 19 = -2*j - j, -3*j - 4*p = -26. Suppose -4*k - j*w = -2766, 2*k - 8*w - 1363 = -13*w. What are the prime factors of k?
2, 347
Suppose -28*y = -26*y - 4406. Suppose -16*c + y + 2181 = 0. List the prime factors of c.
2, 137
Let f(d) = -10*d + 10. Let u be f(7). Suppose -24*x = -19*x - 115. Let c = x - u. List the prime factors of c.
83
Suppose 23*i - 57*i + 161942 = 0. List the prime factors of i.
11, 433
Suppose 0 = 5*g - 571 - 19. List the prime factors of (-9)/18*4 - (-1 - g).
3, 13
Suppose 7*t + 1769 - 13291 = 0. Suppose -3*i + 4*u - 3*u = -t, 4*u - 2732 = -5*i. What are the prime factors of i?
2, 137
Suppose 0 = -20*r + 9*r - 11. Let n = 3 + r. Suppose n*j - 2*t - 366 = 0, 5*t + 208 = j + 9*t. List the prime factors of j.
2, 47
Let q(z) = 3*z**2 + 33*z + 731. What are the prime factors of q(-51)?
13, 17, 31
Let j(l) = -27*l - 6. Let z(t) = -t**3 + 4*t**2 - 9*t + 1. Suppose 4*c - 3*v = 11, -c - 2 + 0 = 4*v. Let f be z(c). List the prime factors of j(f).
3, 79
Let x(r) = r**2 + 6*r - 2. Let j be x(-7). Let f be 2*((-15)/(-6))/j. List the prime factors of f + (-1072)/(-28) + 4/(-14).
3, 13
Suppose -2*a - 3*r = -38542, 244*r = 249*r - 10. List the prime factors of a.
2, 4817
Let p = 60890 + -10149. What are the prime factors of p?
50741
Suppose 5*d - 3*k - 11 = 0, k + 3*k = -4*d - 4. List the prime factors of ((-21)/14)/(d/504*-2).
2, 3, 7
Let b be 0 - (-16)/(-28) - (-24)/42. Suppose b = w - f - 200 - 660, -4*w + 3425 = f. List the prime factors of w.
857
Let r = 45 - 49. Let k be (-26)/(r + (-294)/(-75)). Suppose 6*q - k = q. List the prime factors of q.
5, 13
Suppose 5*f - 525*w - 27066 = -526*w, 27068 = 5*f + 3*w. What are the prime factors of f?
5413
What are the prime factors of -1 - (1/3)/((-2014540)/287790 - -7)?
2, 11, 109
Suppose -3*r + d + 7 = 0, -2*r = -0*d + 4*d. Suppose -5*n = 3*j - 121, -n - r*n = 3. Let g = j - -12. What are the prime factors of g?
2, 3
Let n(b) = -8*b**3 - 4*b**2 - 2*b + 2. Let p be n(-2). Suppose 10*c - 418 = 272. Let k = c - p. List the prime factors of k.
3, 5
Suppos